{"id":950,"date":"2020-08-04T17:14:35","date_gmt":"2020-08-04T15:14:35","guid":{"rendered":"https:\/\/www.malmoskyttegille.se\/wp\/subsites\/msgjc\/?page_id=950"},"modified":"2020-08-04T17:14:35","modified_gmt":"2020-08-04T15:14:35","slug":"solens-nedgang","status":"publish","type":"page","link":"https:\/\/www.malmoskyttegille.se\/wp\/subsites\/msgjc\/solens-nedgang\/","title":{"rendered":"Solens nedg\u00e5ng"},"content":{"rendered":"\n<p>H\u00e4r hittar du tider f\u00f6r solens&nbsp;<a href=\"https:\/\/www.vackertvader.se\/malm%C3%B6\/soluppg%C3%A5ng-och-solnedg%C3%A5ng\">nedg\u00e5ng<\/a>.<\/p>\n","protected":false},"excerpt":{"rendered":"<p>H\u00e4r hittar du tider f\u00f6r solens&nbsp;nedg\u00e5ng.<\/p>\n","protected":false},"author":1,"featured_media":0,"parent":0,"menu_order":0,"comment_status":"closed","ping_status":"closed","template":"","meta":{"footnotes":""},"class_list":["post-950","page","type-page","status-publish","hentry"],"_links":{"self":[{"href":"https:\/\/www.malmoskyttegille.se\/wp\/subsites\/msgjc\/wp-json\/wp\/v2\/pages\/950","targetHints":{"allow":["GET"]}}],"collection":[{"href":"https:\/\/www.malmoskyttegille.se\/wp\/subsites\/msgjc\/wp-json\/wp\/v2\/pages"}],"about":[{"href":"https:\/\/www.malmoskyttegille.se\/wp\/subsites\/msgjc\/wp-json\/wp\/v2\/types\/page"}],"author":[{"embeddable":true,"href":"https:\/\/www.malmoskyttegille.se\/wp\/subsites\/msgjc\/wp-json\/wp\/v2\/users\/1"}],"replies":[{"embeddable":true,"href":"https:\/\/www.malmoskyttegille.se\/wp\/subsites\/msgjc\/wp-json\/wp\/v2\/comments?post=950"}],"version-history":[{"count":1,"href":"https:\/\/www.malmoskyttegille.se\/wp\/subsites\/msgjc\/wp-json\/wp\/v2\/pages\/950\/revisions"}],"predecessor-version":[{"id":951,"href":"https:\/\/www.malmoskyttegille.se\/wp\/subsites\/msgjc\/wp-json\/wp\/v2\/pages\/950\/revisions\/951"}],"wp:attachment":[{"href":"https:\/\/www.malmoskyttegille.se\/wp\/subsites\/msgjc\/wp-json\/wp\/v2\/media?parent=950"}],"curies":[{"name":"wp","href":"https:\/\/api.w.org\/{rel}","templated":true}]}}

Solens nedgång

<p>Här hittar du tider för solens&nbsp;<a href="https://www.vackertvader.se/malm%C3%B6/soluppg%C3%A5ng-och-solnedg%C3%A5ng">nedgång</a>.</p>

<p>Här hittar du tider för solens&nbsp;nedgång.</p>
