{"id":146,"date":"2015-02-13T20:28:05","date_gmt":"2015-02-13T19:28:05","guid":{"rendered":"https:\/\/www.malmoskyttegille.se\/msgjc\/?page_id=62"},"modified":"2020-10-01T22:26:27","modified_gmt":"2020-10-01T20:26:27","slug":"jagarexamen","status":"publish","type":"page","link":"https:\/\/www.malmoskyttegille.se\/wp\/subsites\/msgjc\/jagarexamen\/","title":{"rendered":"J\u00e4garexamen"},"content":{"rendered":"<p>MSG bedriver inte n\u00e5gon egen j\u00e4garskole- eller prov-verksamhet.<\/p>\n<p>D\u00e4remot s\u00e5 hyr <a href=\"https:\/\/www.jagarnasriksforbund.se\/skane\/malmojk\/\">Malm\u00f6 j\u00e4garklubb<\/a> och <a href=\"https:\/\/www.mvf.nu\/\">Malm\u00f6 viltv\u00e5rdsf\u00f6rening<\/a> banan f\u00f6r j\u00e4garskole- och prov-verksamhet.<\/p>\n<p>Kontakta dem om du vill g\u00e5 en kurs eller skjuta upp.<\/p>\n\n\n<p>F\u00f6r skyttetr\u00e4ning p\u00e5 egen hand under ordinarie \u00f6ppettid m\u00e5ste man genomg\u00e5tt utbildning i s\u00e4ker vapenhantering och ha kompetens att sj\u00e4lvst\u00e4ndigt avlossa skott mot aktuellt m\u00e5l.<\/p>\n\n\n\n<p>Externa instrukt\u00f6rer som tr\u00e4nar elever \u00e4r inte till\u00e5tna under ordinarie skytte.<\/p>\n","protected":false},"excerpt":{"rendered":"<p>MSG bedriver inte n\u00e5gon egen j\u00e4garskole- eller prov-verksamhet. D\u00e4remot s\u00e5 hyr Malm\u00f6 j\u00e4garklubb och Malm\u00f6 viltv\u00e5rdsf\u00f6rening banan f\u00f6r j\u00e4garskole- och prov-verksamhet. Kontakta dem om du vill g\u00e5 en kurs eller skjuta upp. F\u00f6r skyttetr\u00e4ning&#46;&#46;&#46;<\/p>\n","protected":false},"author":1,"featured_media":0,"parent":0,"menu_order":0,"comment_status":"closed","ping_status":"closed","template":"","meta":{"footnotes":""},"class_list":["post-146","page","type-page","status-publish","hentry"],"_links":{"self":[{"href":"https:\/\/www.malmoskyttegille.se\/wp\/subsites\/msgjc\/wp-json\/wp\/v2\/pages\/146","targetHints":{"allow":["GET"]}}],"collection":[{"href":"https:\/\/www.malmoskyttegille.se\/wp\/subsites\/msgjc\/wp-json\/wp\/v2\/pages"}],"about":[{"href":"https:\/\/www.malmoskyttegille.se\/wp\/subsites\/msgjc\/wp-json\/wp\/v2\/types\/page"}],"author":[{"embeddable":true,"href":"https:\/\/www.malmoskyttegille.se\/wp\/subsites\/msgjc\/wp-json\/wp\/v2\/users\/1"}],"replies":[{"embeddable":true,"href":"https:\/\/www.malmoskyttegille.se\/wp\/subsites\/msgjc\/wp-json\/wp\/v2\/comments?post=146"}],"version-history":[{"count":3,"href":"https:\/\/www.malmoskyttegille.se\/wp\/subsites\/msgjc\/wp-json\/wp\/v2\/pages\/146\/revisions"}],"predecessor-version":[{"id":1009,"href":"https:\/\/www.malmoskyttegille.se\/wp\/subsites\/msgjc\/wp-json\/wp\/v2\/pages\/146\/revisions\/1009"}],"wp:attachment":[{"href":"https:\/\/www.malmoskyttegille.se\/wp\/subsites\/msgjc\/wp-json\/wp\/v2\/media?parent=146"}],"curies":[{"name":"wp","href":"https:\/\/api.w.org\/{rel}","templated":true}]}}

Jägarexamen

<p>MSG bedriver inte någon egen jägarskole- eller prov-verksamhet.</p>
<p>Däremot så hyr <a href="https://www.jagarnasriksforbund.se/skane/malmojk/">Malmö jägarklubb</a> och <a href="https://www.mvf.nu/">Malmö viltvårdsförening</a> banan för jägarskole- och prov-verksamhet.</p>
<p>Kontakta dem om du vill gå en kurs eller skjuta upp.</p>


<p>För skytteträning på egen hand under ordinarie öppettid måste man genomgått utbildning i säker vapenhantering och ha kompetens att självständigt avlossa skott mot aktuellt mål.</p>



<p>Externa instruktörer som tränar elever är inte tillåtna under ordinarie skytte.</p>

<p>MSG bedriver inte någon egen jägarskole- eller prov-verksamhet. Däremot så hyr Malmö jägarklubb och Malmö viltvårdsförening banan för jägarskole- och prov-verksamhet. Kontakta dem om du vill gå en kurs eller skjuta upp. För skytteträning&#46;&#46;&#46;</p>
