{"id":306,"date":"2020-10-01T18:48:54","date_gmt":"2020-10-01T16:48:54","guid":{"rendered":"https:\/\/www.malmoskyttegille.se\/wp\/subsites\/jakt\/?page_id=306"},"modified":"2026-03-28T14:10:41","modified_gmt":"2026-03-28T13:10:41","slug":"lerduva-olika-moment","status":"publish","type":"page","link":"https:\/\/www.malmoskyttegille.se\/wp\/subsites\/jakt\/aktiviteter\/lerduva-olika-moment\/","title":{"rendered":"Lerduva, olika moment"},"content":{"rendered":"\n<p>H\u00e4r skjuter vi lite olika moment varje g\u00e5ng. Det finns inget fast program. <\/p>\n\n\n\n<p>Det kan tex vara duvor som kastas brant upp\u00e5t bakom skytten f\u00f6r att sedan falla ner mot marken n\u00e4r skytten skall ta skottet, liknande \u00e4nder som sl\u00e5r i vattnet.<\/p>\n\n\n\n<p>En annan \u00f6vning g\u00e5r ut p\u00e5 att duvan kastas p\u00e5 l\u00e5g h\u00f6jd rakt fr\u00e5n sidan s\u00e5 att den passerar framf\u00f6r skytten p\u00e5 ca 2m avst\u00e5nd p\u00e5 ca 1.5m h\u00f6jd. Genom att variera avst\u00e5ndet till duvans bana och vrida kroppen mot eller fr\u00e5n kastaren kan skytten sj\u00e4lv variera sv\u00e5righetsgraden.<\/p>\n\n\n\n<h2 class=\"wp-block-heading\">Typiska \u00f6vningar<\/h2>\n\n\n\n<h3 class=\"wp-block-heading\">Ankeh\u00e5let<\/h3>\n\n\n\n<p>Skytten st\u00e5r framf\u00f6r och med ryggen mot kastaren. Duvorna kastas brant upp\u00e5t bakom skytten f\u00f6r att sedan falla ner mot marken framf\u00f6r skytten som skall ta skottet p\u00e5 v\u00e4g ner, liknande \u00e4nder som sl\u00e5r i vattnet.<\/p>\n\n\n\n<h3 class=\"wp-block-heading\">G\u00e5ngskytte<\/h3>\n\n\n\n<p>\u00d6vningen b\u00f6rjar med att skytten st\u00e5r omedelbart till v\u00e4nster om kastaren, duvan kastas p\u00e5 l\u00e5g h\u00f6jd rakt ifr\u00e5n skytten som har att ta skottet innan duvan tr\u00e4ffar marken.<\/p>\n\n\n\n<p>N\u00e4sta station \u00e4r ca 3m rakt fram. Skytten st\u00e5r nu framf\u00f6r och till v\u00e4nster om kastaren, duvan kastas som tidigare och skytten har nu lite kortare tid p\u00e5 sig att ta skottet.<\/p>\n\n\n\n<p>\u00d6vningen forts\u00e4tter med att skytten g\u00e5r fram ca 3m varje g\u00e5ng och f\u00e5r kortare och kortare tid att ta skottet, tills duvan sl\u00e5r ner ca 6m framf\u00f6r skytten.<\/p>\n\n\n\n<h3 class=\"wp-block-heading\">Variationer<\/h3>\n\n\n\n<ol class=\"wp-block-list\">\n<li>Skytten st\u00e5r h\u00e4r l\u00e4ngre ut \u00e5t v\u00e4nster s\u00e5 att det blir ett snett fr\u00e5nskott ist\u00e4llet f\u00f6r rakt.<br>Duvan kastas p\u00e5 l\u00e5g h\u00f6jd s\u00e5 att den passerar skytten p\u00e5 ca 2m avst\u00e5nd och ca 1.5m h\u00f6jd. Genom att variera avst\u00e5ndet till duvans bana och vrida kroppen mot eller fr\u00e5n kastaren kan skytten sj\u00e4lv variera sv\u00e5righetsgraden.<br><\/li>\n\n\n\n<li>Skytten st\u00e5r som ovan eller \u00e4nnu lite l\u00e4ngre ut \u00e5t v\u00e4nster ifht duvans bana men v\u00e4nd 90 grader s\u00e5 att duvan passerar framf\u00f6r skytten fr\u00e5n h\u00f6ger till v\u00e4nster, skottet skjuts med sving, det g\u00e5r fort. Duvan kastas p\u00e5 l\u00e5g h\u00f6jd s\u00e5 att den passerar skytten p\u00e5 ca 2m avst\u00e5nd (eller mer) och ca 1.5m h\u00f6jd. Genom att variera avst\u00e5ndet till duvans bana och vrida kroppen mot eller fr\u00e5n kastaren kan skytten sj\u00e4lv variera sv\u00e5righetsgraden.<\/li>\n<\/ol>\n\n\n\n<h2 class=\"wp-block-heading\">Skjutledarinstruktion<\/h2>\n\n\n\n<ul class=\"wp-block-list\">\n<li>B\u00f6rja med att s\u00e4tt upp r\u00f6d semarfor p\u00e5 200m vallen s\u00e5 att man kan r\u00f6ra sig p\u00e5 banan.<\/li>\n\n\n\n<li>Markera skjutplatser tex med lerduvor som plockas fr\u00e5n marken.<\/li>\n\n\n\n<li>Kontrollera duvans bana s\u00e5 att ingen riskerar att tr\u00e4ffas av duvor eller splitter.<\/li>\n\n\n\n<li>Kontrollera s\u00e5 att semaforen i mark\u00f6rgraven \u00e4r vriden till gr\u00f6nt innan skyttet p\u00e5b\u00f6rjas.<\/li>\n\n\n\n<li>En skjutledare f\u00f6ljer alltid med skytten och kastar duvor mha den tr\u00e5dl\u00f6sa fj\u00e4rkontrollen.<\/li>\n<\/ul>\n\n\n\n<h2 class=\"wp-block-heading\">VIKTIGT<\/h2>\n\n\n\n<ul class=\"wp-block-list\">\n<li>Vid allt skytte fr\u00e5n andra skjutstationer \u00e4n de fasta trap- och j\u00e4garduva-stationerna skall duvans h\u00f6jd anpassas s\u00e5 att skott lossas mot skjutvallen, inte \u00f6ver den.<\/li>\n\n\n\n<li>Vidare s\u00e5 skall skott inte lossas mot den v\u00e4nstra sidovallen eftersom m\u00e4nniskor i stor utstr\u00e4ckning och regelm\u00e4ssigt vistas bakom denna.<\/li>\n\n\n\n<li>Skytte kan p\u00e5g\u00e5 samtidigt med skytte fr\u00e5n B1 100m<\/li>\n\n\n\n<li>B2 300m skall sp\u00e4rras genom att en r\u00f6d semafor placeras p\u00e5 marken vid 200m skjutvallen.<\/li>\n\n\n\n<li>B2 300m skall bokas i kalendern s\u00e5 att det framg\u00e5r att skytte inte \u00e4r till\u00e5tet.<\/li>\n\n\n\n<li>OBS skyttar p\u00e5 100m m\u00e5ste h\u00e5lla sig i skjuthallen, detta g\u00e4ller iofs alltid men man kan inte lita p\u00e5 att s\u00e4kerhetsreglerna f\u00f6ljs s\u00e5 var uppm\u00e4rksam.<\/li>\n\n\n\n<li>Kontrollera hela tiden semaforen i mark\u00f6rgraven, skyttar p\u00e5 100m vrider ofta till r\u00f6tt utan att kontrollera om skytte p\u00e5g\u00e5r.<\/li>\n<\/ul>\n","protected":false},"excerpt":{"rendered":"<p>H\u00e4r skjuter vi lite olika moment varje g\u00e5ng. Det finns inget fast program. Det kan tex vara duvor som kastas brant upp\u00e5t bakom skytten f\u00f6r att sedan falla ner mot marken n\u00e4r skytten skall&#46;&#46;&#46;<\/p>\n","protected":false},"author":1,"featured_media":0,"parent":427,"menu_order":0,"comment_status":"closed","ping_status":"closed","template":"","meta":{"footnotes":""},"class_list":["post-306","page","type-page","status-publish","hentry"],"_links":{"self":[{"href":"https:\/\/www.malmoskyttegille.se\/wp\/subsites\/jakt\/wp-json\/wp\/v2\/pages\/306","targetHints":{"allow":["GET"]}}],"collection":[{"href":"https:\/\/www.malmoskyttegille.se\/wp\/subsites\/jakt\/wp-json\/wp\/v2\/pages"}],"about":[{"href":"https:\/\/www.malmoskyttegille.se\/wp\/subsites\/jakt\/wp-json\/wp\/v2\/types\/page"}],"author":[{"embeddable":true,"href":"https:\/\/www.malmoskyttegille.se\/wp\/subsites\/jakt\/wp-json\/wp\/v2\/users\/1"}],"replies":[{"embeddable":true,"href":"https:\/\/www.malmoskyttegille.se\/wp\/subsites\/jakt\/wp-json\/wp\/v2\/comments?post=306"}],"version-history":[{"count":9,"href":"https:\/\/www.malmoskyttegille.se\/wp\/subsites\/jakt\/wp-json\/wp\/v2\/pages\/306\/revisions"}],"predecessor-version":[{"id":731,"href":"https:\/\/www.malmoskyttegille.se\/wp\/subsites\/jakt\/wp-json\/wp\/v2\/pages\/306\/revisions\/731"}],"up":[{"embeddable":true,"href":"https:\/\/www.malmoskyttegille.se\/wp\/subsites\/jakt\/wp-json\/wp\/v2\/pages\/427"}],"wp:attachment":[{"href":"https:\/\/www.malmoskyttegille.se\/wp\/subsites\/jakt\/wp-json\/wp\/v2\/media?parent=306"}],"curies":[{"name":"wp","href":"https:\/\/api.w.org\/{rel}","templated":true}]}}